
{"id":4152,"date":"2022-03-29T14:01:00","date_gmt":"2022-03-29T12:01:00","guid":{"rendered":"https:\/\/www.igz.de\/team\/jana-hintermaier\/"},"modified":"2024-07-02T10:03:51","modified_gmt":"2024-07-02T08:03:51","slug":"anita-lubuschkin","status":"publish","type":"team","link":"https:\/\/www.igz.de\/en\/team\/anita-lubuschkin\/","title":{"rendered":"Anita Lubuschkin"},"content":{"rendered":"<p>Project management\/Innovation management<\/p>\n","protected":false},"featured_media":8729,"parent":0,"template":"","class_list":["post-4152","team","type-team","status-publish","has-post-thumbnail","hentry","team_slug-events-en","team_slug-homepage-en","team_slug-innovation-en","team_slug-network","team_slug-projects","team_cat-anitalubuschkin-en"],"acf":[],"yoast_head":"<!-- This site is optimized with the Yoast SEO plugin v27.4 - https:\/\/yoast.com\/product\/yoast-seo-wordpress\/ -->\n<title>Anita Lubuschkin - Das Gr\u00fcnderzentrum f\u00fcr technologieorientierte Unternehmen<\/title>\n<meta name=\"robots\" content=\"index, follow, max-snippet:-1, max-image-preview:large, max-video-preview:-1\" \/>\n<link rel=\"canonical\" href=\"https:\/\/www.igz.de\/en\/team\/anita-lubuschkin\/\" \/>\n<meta property=\"og:locale\" content=\"en_US\" \/>\n<meta property=\"og:type\" content=\"article\" \/>\n<meta property=\"og:title\" content=\"Anita Lubuschkin - Das Gr\u00fcnderzentrum f\u00fcr technologieorientierte Unternehmen\" \/>\n<meta property=\"og:description\" content=\"Project management\/Innovation management\" \/>\n<meta property=\"og:url\" content=\"https:\/\/www.igz.de\/en\/team\/anita-lubuschkin\/\" \/>\n<meta property=\"og:site_name\" content=\"Das Gr\u00fcnderzentrum f\u00fcr technologieorientierte Unternehmen\" \/>\n<meta property=\"article:modified_time\" content=\"2024-07-02T08:03:51+00:00\" \/>\n<meta property=\"og:image\" content=\"https:\/\/www.igz.de\/wp-content\/uploads\/2022\/03\/anita-lubuschkin-sw-030823-1-scaled.jpg\" \/>\n\t<meta property=\"og:image:width\" content=\"2560\" \/>\n\t<meta property=\"og:image:height\" content=\"2512\" \/>\n\t<meta property=\"og:image:type\" content=\"image\/jpeg\" \/>\n<meta name=\"twitter:card\" content=\"summary_large_image\" \/>\n<meta name=\"twitter:label1\" content=\"Est. reading time\" \/>\n\t<meta name=\"twitter:data1\" content=\"1 minute\" \/>\n<script type=\"application\/ld+json\" class=\"yoast-schema-graph\">{\"@context\":\"https:\\\/\\\/schema.org\",\"@graph\":[{\"@type\":\"WebPage\",\"@id\":\"https:\\\/\\\/www.igz.de\\\/en\\\/team\\\/anita-lubuschkin\\\/\",\"url\":\"https:\\\/\\\/www.igz.de\\\/en\\\/team\\\/anita-lubuschkin\\\/\",\"name\":\"Anita Lubuschkin - Das Gr\u00fcnderzentrum f\u00fcr technologieorientierte Unternehmen\",\"isPartOf\":{\"@id\":\"https:\\\/\\\/www.igz.de\\\/en\\\/#website\"},\"primaryImageOfPage\":{\"@id\":\"https:\\\/\\\/www.igz.de\\\/en\\\/team\\\/anita-lubuschkin\\\/#primaryimage\"},\"image\":{\"@id\":\"https:\\\/\\\/www.igz.de\\\/en\\\/team\\\/anita-lubuschkin\\\/#primaryimage\"},\"thumbnailUrl\":\"https:\\\/\\\/www.igz.de\\\/wp-content\\\/uploads\\\/2022\\\/03\\\/anita-lubuschkin-sw-030823-scaled.jpg\",\"datePublished\":\"2022-03-29T12:01:00+00:00\",\"dateModified\":\"2024-07-02T08:03:51+00:00\",\"breadcrumb\":{\"@id\":\"https:\\\/\\\/www.igz.de\\\/en\\\/team\\\/anita-lubuschkin\\\/#breadcrumb\"},\"inLanguage\":\"en-US\",\"potentialAction\":[{\"@type\":\"ReadAction\",\"target\":[\"https:\\\/\\\/www.igz.de\\\/en\\\/team\\\/anita-lubuschkin\\\/\"]}]},{\"@type\":\"ImageObject\",\"inLanguage\":\"en-US\",\"@id\":\"https:\\\/\\\/www.igz.de\\\/en\\\/team\\\/anita-lubuschkin\\\/#primaryimage\",\"url\":\"https:\\\/\\\/www.igz.de\\\/wp-content\\\/uploads\\\/2022\\\/03\\\/anita-lubuschkin-sw-030823-scaled.jpg\",\"contentUrl\":\"https:\\\/\\\/www.igz.de\\\/wp-content\\\/uploads\\\/2022\\\/03\\\/anita-lubuschkin-sw-030823-scaled.jpg\",\"width\":2560,\"height\":2512},{\"@type\":\"BreadcrumbList\",\"@id\":\"https:\\\/\\\/www.igz.de\\\/en\\\/team\\\/anita-lubuschkin\\\/#breadcrumb\",\"itemListElement\":[{\"@type\":\"ListItem\",\"position\":1,\"name\":\"Ansprechpartner\",\"item\":\"https:\\\/\\\/www.igz.de\\\/en\\\/team\\\/\"},{\"@type\":\"ListItem\",\"position\":2,\"name\":\"Anita Lubuschkin\"}]},{\"@type\":\"WebSite\",\"@id\":\"https:\\\/\\\/www.igz.de\\\/en\\\/#website\",\"url\":\"https:\\\/\\\/www.igz.de\\\/en\\\/\",\"name\":\"Das Gr\u00fcnderzentrum f\u00fcr technologieorientierte Unternehmen\",\"description\":\"Wir sind der Zukunftsstandort f\u00fcr Robotik und Automation in der Metropolregion N\u00fcrnberg \u2022 F\u00fcrth \u2022 Erlangen\",\"publisher\":{\"@id\":\"https:\\\/\\\/www.igz.de\\\/en\\\/#organization\"},\"potentialAction\":[{\"@type\":\"SearchAction\",\"target\":{\"@type\":\"EntryPoint\",\"urlTemplate\":\"https:\\\/\\\/www.igz.de\\\/en\\\/?s={search_term_string}\"},\"query-input\":{\"@type\":\"PropertyValueSpecification\",\"valueRequired\":true,\"valueName\":\"search_term_string\"}}],\"inLanguage\":\"en-US\"},{\"@type\":\"Organization\",\"@id\":\"https:\\\/\\\/www.igz.de\\\/en\\\/#organization\",\"name\":\"Innovations- und Gr\u00fcnderzentrum N\u00fcrnberg \u2022 F\u00fcrth \u2022 Erlangen\",\"url\":\"https:\\\/\\\/www.igz.de\\\/en\\\/\",\"logo\":{\"@type\":\"ImageObject\",\"inLanguage\":\"en-US\",\"@id\":\"https:\\\/\\\/www.igz.de\\\/en\\\/#\\\/schema\\\/logo\\\/image\\\/\",\"url\":\"http:\\\/\\\/wordpress5.rb-media.net\\\/wordpress\\\/igz\\\/wp-content\\\/uploads\\\/2022\\\/03\\\/igz-logo.jpg\",\"contentUrl\":\"http:\\\/\\\/wordpress5.rb-media.net\\\/wordpress\\\/igz\\\/wp-content\\\/uploads\\\/2022\\\/03\\\/igz-logo.jpg\",\"width\":912,\"height\":142,\"caption\":\"Innovations- und Gr\u00fcnderzentrum N\u00fcrnberg \u2022 F\u00fcrth \u2022 Erlangen\"},\"image\":{\"@id\":\"https:\\\/\\\/www.igz.de\\\/en\\\/#\\\/schema\\\/logo\\\/image\\\/\"}}]}<\/script>\n<!-- \/ Yoast SEO plugin. -->","yoast_head_json":{"title":"Anita Lubuschkin - Das Gr\u00fcnderzentrum f\u00fcr technologieorientierte Unternehmen","robots":{"index":"index","follow":"follow","max-snippet":"max-snippet:-1","max-image-preview":"max-image-preview:large","max-video-preview":"max-video-preview:-1"},"canonical":"https:\/\/www.igz.de\/en\/team\/anita-lubuschkin\/","og_locale":"en_US","og_type":"article","og_title":"Anita Lubuschkin - Das Gr\u00fcnderzentrum f\u00fcr technologieorientierte Unternehmen","og_description":"Project management\/Innovation management","og_url":"https:\/\/www.igz.de\/en\/team\/anita-lubuschkin\/","og_site_name":"Das Gr\u00fcnderzentrum f\u00fcr technologieorientierte Unternehmen","article_modified_time":"2024-07-02T08:03:51+00:00","og_image":[{"width":2560,"height":2512,"url":"https:\/\/www.igz.de\/wp-content\/uploads\/2022\/03\/anita-lubuschkin-sw-030823-1-scaled.jpg","type":"image\/jpeg"}],"twitter_card":"summary_large_image","twitter_misc":{"Est. reading time":"1 minute"},"schema":{"@context":"https:\/\/schema.org","@graph":[{"@type":"WebPage","@id":"https:\/\/www.igz.de\/en\/team\/anita-lubuschkin\/","url":"https:\/\/www.igz.de\/en\/team\/anita-lubuschkin\/","name":"Anita Lubuschkin - Das Gr\u00fcnderzentrum f\u00fcr technologieorientierte Unternehmen","isPartOf":{"@id":"https:\/\/www.igz.de\/en\/#website"},"primaryImageOfPage":{"@id":"https:\/\/www.igz.de\/en\/team\/anita-lubuschkin\/#primaryimage"},"image":{"@id":"https:\/\/www.igz.de\/en\/team\/anita-lubuschkin\/#primaryimage"},"thumbnailUrl":"https:\/\/www.igz.de\/wp-content\/uploads\/2022\/03\/anita-lubuschkin-sw-030823-scaled.jpg","datePublished":"2022-03-29T12:01:00+00:00","dateModified":"2024-07-02T08:03:51+00:00","breadcrumb":{"@id":"https:\/\/www.igz.de\/en\/team\/anita-lubuschkin\/#breadcrumb"},"inLanguage":"en-US","potentialAction":[{"@type":"ReadAction","target":["https:\/\/www.igz.de\/en\/team\/anita-lubuschkin\/"]}]},{"@type":"ImageObject","inLanguage":"en-US","@id":"https:\/\/www.igz.de\/en\/team\/anita-lubuschkin\/#primaryimage","url":"https:\/\/www.igz.de\/wp-content\/uploads\/2022\/03\/anita-lubuschkin-sw-030823-scaled.jpg","contentUrl":"https:\/\/www.igz.de\/wp-content\/uploads\/2022\/03\/anita-lubuschkin-sw-030823-scaled.jpg","width":2560,"height":2512},{"@type":"BreadcrumbList","@id":"https:\/\/www.igz.de\/en\/team\/anita-lubuschkin\/#breadcrumb","itemListElement":[{"@type":"ListItem","position":1,"name":"Ansprechpartner","item":"https:\/\/www.igz.de\/en\/team\/"},{"@type":"ListItem","position":2,"name":"Anita Lubuschkin"}]},{"@type":"WebSite","@id":"https:\/\/www.igz.de\/en\/#website","url":"https:\/\/www.igz.de\/en\/","name":"Das Gr\u00fcnderzentrum f\u00fcr technologieorientierte Unternehmen","description":"Wir sind der Zukunftsstandort f\u00fcr Robotik und Automation in der Metropolregion N\u00fcrnberg \u2022 F\u00fcrth \u2022 Erlangen","publisher":{"@id":"https:\/\/www.igz.de\/en\/#organization"},"potentialAction":[{"@type":"SearchAction","target":{"@type":"EntryPoint","urlTemplate":"https:\/\/www.igz.de\/en\/?s={search_term_string}"},"query-input":{"@type":"PropertyValueSpecification","valueRequired":true,"valueName":"search_term_string"}}],"inLanguage":"en-US"},{"@type":"Organization","@id":"https:\/\/www.igz.de\/en\/#organization","name":"Innovations- und Gr\u00fcnderzentrum N\u00fcrnberg \u2022 F\u00fcrth \u2022 Erlangen","url":"https:\/\/www.igz.de\/en\/","logo":{"@type":"ImageObject","inLanguage":"en-US","@id":"https:\/\/www.igz.de\/en\/#\/schema\/logo\/image\/","url":"http:\/\/wordpress5.rb-media.net\/wordpress\/igz\/wp-content\/uploads\/2022\/03\/igz-logo.jpg","contentUrl":"http:\/\/wordpress5.rb-media.net\/wordpress\/igz\/wp-content\/uploads\/2022\/03\/igz-logo.jpg","width":912,"height":142,"caption":"Innovations- und Gr\u00fcnderzentrum N\u00fcrnberg \u2022 F\u00fcrth \u2022 Erlangen"},"image":{"@id":"https:\/\/www.igz.de\/en\/#\/schema\/logo\/image\/"}}]}},"_links":{"self":[{"href":"https:\/\/www.igz.de\/en\/wp-json\/wp\/v2\/team\/4152","targetHints":{"allow":["GET"]}}],"collection":[{"href":"https:\/\/www.igz.de\/en\/wp-json\/wp\/v2\/team"}],"about":[{"href":"https:\/\/www.igz.de\/en\/wp-json\/wp\/v2\/types\/team"}],"wp:featuredmedia":[{"embeddable":true,"href":"https:\/\/www.igz.de\/en\/wp-json\/wp\/v2\/media\/8729"}],"wp:attachment":[{"href":"https:\/\/www.igz.de\/en\/wp-json\/wp\/v2\/media?parent=4152"}],"curies":[{"name":"wp","href":"https:\/\/api.w.org\/{rel}","templated":true}]}}

<!-- This site is optimized with the Yoast SEO plugin v27.4 - https://yoast.com/product/yoast-seo-wordpress/ -->
<title>Anita Lubuschkin - Das Gründerzentrum für technologieorientierte Unternehmen</title>
<meta name="robots" content="index, follow, max-snippet:-1, max-image-preview:large, max-video-preview:-1" />
<link rel="canonical" href="https://www.igz.de/en/team/anita-lubuschkin/" />
<meta property="og:locale" content="en_US" />
<meta property="og:type" content="article" />
<meta property="og:title" content="Anita Lubuschkin - Das Gründerzentrum für technologieorientierte Unternehmen" />
<meta property="og:description" content="Project management/Innovation management" />
<meta property="og:url" content="https://www.igz.de/en/team/anita-lubuschkin/" />
<meta property="og:site_name" content="Das Gründerzentrum für technologieorientierte Unternehmen" />
<meta property="article:modified_time" content="2024-07-02T08:03:51+00:00" />
<meta property="og:image" content="https://www.igz.de/wp-content/uploads/2022/03/anita-lubuschkin-sw-030823-1-scaled.jpg" />
	<meta property="og:image:width" content="2560" />
	<meta property="og:image:height" content="2512" />
	<meta property="og:image:type" content="image/jpeg" />
<meta name="twitter:card" content="summary_large_image" />
<meta name="twitter:label1" content="Est. reading time" />
	<meta name="twitter:data1" content="1 minute" />
<script type="application/ld+json" class="yoast-schema-graph">{"@context":"https:\/\/schema.org","@graph":[{"@type":"WebPage","@id":"https:\/\/www.igz.de\/en\/team\/anita-lubuschkin\/","url":"https:\/\/www.igz.de\/en\/team\/anita-lubuschkin\/","name":"Anita Lubuschkin - Das Gründerzentrum für technologieorientierte Unternehmen","isPartOf":{"@id":"https:\/\/www.igz.de\/en\/#website"},"primaryImageOfPage":{"@id":"https:\/\/www.igz.de\/en\/team\/anita-lubuschkin\/#primaryimage"},"image":{"@id":"https:\/\/www.igz.de\/en\/team\/anita-lubuschkin\/#primaryimage"},"thumbnailUrl":"https:\/\/www.igz.de\/wp-content\/uploads\/2022\/03\/anita-lubuschkin-sw-030823-scaled.jpg","datePublished":"2022-03-29T12:01:00+00:00","dateModified":"2024-07-02T08:03:51+00:00","breadcrumb":{"@id":"https:\/\/www.igz.de\/en\/team\/anita-lubuschkin\/#breadcrumb"},"inLanguage":"en-US","potentialAction":[{"@type":"ReadAction","target":["https:\/\/www.igz.de\/en\/team\/anita-lubuschkin\/"]}]},{"@type":"ImageObject","inLanguage":"en-US","@id":"https:\/\/www.igz.de\/en\/team\/anita-lubuschkin\/#primaryimage","url":"https:\/\/www.igz.de\/wp-content\/uploads\/2022\/03\/anita-lubuschkin-sw-030823-scaled.jpg","contentUrl":"https:\/\/www.igz.de\/wp-content\/uploads\/2022\/03\/anita-lubuschkin-sw-030823-scaled.jpg","width":2560,"height":2512},{"@type":"BreadcrumbList","@id":"https:\/\/www.igz.de\/en\/team\/anita-lubuschkin\/#breadcrumb","itemListElement":[{"@type":"ListItem","position":1,"name":"Ansprechpartner","item":"https:\/\/www.igz.de\/en\/team\/"},{"@type":"ListItem","position":2,"name":"Anita Lubuschkin"}]},{"@type":"WebSite","@id":"https:\/\/www.igz.de\/en\/#website","url":"https:\/\/www.igz.de\/en\/","name":"Das Gründerzentrum für technologieorientierte Unternehmen","description":"Wir sind der Zukunftsstandort für Robotik und Automation in der Metropolregion Nürnberg • Fürth • Erlangen","publisher":{"@id":"https:\/\/www.igz.de\/en\/#organization"},"potentialAction":[{"@type":"SearchAction","target":{"@type":"EntryPoint","urlTemplate":"https:\/\/www.igz.de\/en\/?s={search_term_string}"},"query-input":{"@type":"PropertyValueSpecification","valueRequired":true,"valueName":"search_term_string"}}],"inLanguage":"en-US"},{"@type":"Organization","@id":"https:\/\/www.igz.de\/en\/#organization","name":"Innovations- und Gründerzentrum Nürnberg • Fürth • Erlangen","url":"https:\/\/www.igz.de\/en\/","logo":{"@type":"ImageObject","inLanguage":"en-US","@id":"https:\/\/www.igz.de\/en\/#\/schema\/logo\/image\/","url":"http:\/\/wordpress5.rb-media.net\/wordpress\/igz\/wp-content\/uploads\/2022\/03\/igz-logo.jpg","contentUrl":"http:\/\/wordpress5.rb-media.net\/wordpress\/igz\/wp-content\/uploads\/2022\/03\/igz-logo.jpg","width":912,"height":142,"caption":"Innovations- und Gründerzentrum Nürnberg • Fürth • Erlangen"},"image":{"@id":"https:\/\/www.igz.de\/en\/#\/schema\/logo\/image\/"}}]}</script>
<!-- / Yoast SEO plugin. -->

Anita Lubuschkin - Das Gründerzentrum für technologieorientierte Unternehmen

Das Gründerzentrum für technologieorientierte Unternehmen

Wir sind der Zukunftsstandort für Robotik und Automation in der Metropolregion Nürnberg • Fürth • Erlangen

Innovations- und Gründerzentrum Nürnberg • Fürth • Erlangen
